6*a**2 - 4*a + 19. Determine q(w).
-2
Let y(k) = k**3 - 9*k**2 - k - 17. Suppose -2*b + 36 = 3*s, -146*s + 147*s - 6 = 0. Give y(b).
-26
Let n be (0 + 2/(-8))*-4. Let p(o) = 0*o + 12 - 2*o + 12 - 33 + 7. Calculate p(n).
-4
Let n(v) = v + 8. Let g(l) = l. Let o(i) = -2*g(i) + n(i). Suppose -1270*k = -1218*k. What is o(k)?
8
Let g(i) = 28*i - 49*i + 7*i - 222 + 13*i + 11*i. Determine g(22).
-2
Let q(i) = -11*i + 2. Let w(f) = 14*f - 2. Let s = 134 + -140. Let u(a) = s*q(a) - 5*w(a). Calculate u(-3).
10
Let o(c) be the first derivative of -c**6/40 + c**3/6 - 7*c**2/2 + 4*c - 152. Let r(s) be the second derivative of o(s). What is r(2)?
-23
Suppose 119*d = 134*d - 30. Let m(l) = -7*l**2 + 38*l**d - 11*l**2 - 3*l - l**2 - 9*l**2. Calculate m(2).
34
Suppose 2*f - 4 = -2*j, 2*f - 4*f = 3*j - 3. Let l be (-175)/(-20) + j/(-4). Let h(i) = -l + 11 + i**2 - 8*i - 10. What is h(8)?
-8
Suppose 0 = -42*u + 40*u + 10. Suppose 4*l = 2*t + 22, 8*l - 35 = 3*l + u*t. Suppose -2*f + 4*f + 16 = -4*q, 16 = l*f. Let c(p) = p + 5. Determine c(q).
-1
Let w(b) = b**3 + 7*b**2 + b + 5. Let u be w(-7). Let f = u - 1. Let h(a) = -6*a**2 + 5*a + 2. Let q(c) = -c**2 + 2*c. Let x(d) = h(d) - 4*q(d). What is x(f)?
-7
Let c(u) = 7*u**3 - 14*u**2 + 20*u - 41. Let s(i) = -22*i**3 + 43*i**2 - 61*i + 122. Let p(h) = -19*c(h) - 6*s(h). Calculate p(7).
-2
Let r(z) = -6 + 4*z + z - z**2 - z. Suppose -p + 3*v + 7 = -10, 5*p + v = 21. Determine r(p).
-11
Let p(b) = -4*b**3 - 25*b**2 - 28*b + 6. Let x(a) = a**3 + 8*a**2 + 9*a - 2. Let s(u) = -5*p(u) - 16*x(u). What is s(3)?
71
Let k(r) be the third derivative of 0*r + 1/60*r**5 + 15 + 1/6*r**3 + 1/6*r**4 + 4*r**2. Calculate k(-4).
1
Let f(u) = -30*u + 31. Suppose -110 = 29*l - 139. Calculate f(l).
1
Let i = -29 - -25. Let q be i/(1 - 0 - 0). Let t be (q/(-3))/(8/(-12)). Let y(o) = 3*o + 2. Calculate y(t).
-4
Suppose -41*h - 37 - 45 = 0. Let l(n) = 12*n + 17. Give l(h).
-7
Let b(w) = -19*w**3 - 8*w**2 - 14*w. Let f(a) = 18*a**3 + 7*a**2 + 12*a. Let h(x) = -6*b(x) - 7*f(x). Let v be (1*5/(-10)*-10)/5. Determine h(v).
-13
Let t(r) = 12 - 5*r + 11*r**3 - 3 - 4*r**2 - 18. Let x(m) = m**3 + m**2 + m + 2. Let f(u) = t(u) + 4*x(u). Let j = 10 - 11. What is f(j)?
-15
Let c(r) = -r**3 - 12*r**2 + 18*r + 19. Let t = -2461 - -2448. Give c(t).
-46
Suppose -17*f = -19*f + 2. Let l(u) = -u + 1. Let v(p) = -4*p + 6. Let x(s) = f*v(s) + 5*l(s). Let n(q) = 5*q - 6. Let t(d) = -5*n(d) - 3*x(d). Give t(-6).
-15
Let v be ((6/(-5))/(-2))/((-6)/(-120)). Suppose v*k - 84 = 26*k. Let h(f) = 3 - 4*f - 6*f**2 - f**3 + 0*f**3 + 4*f. Calculate h(k).
3
Let j(o) = -908*o**2 - 20 - 3*o + 24 + 909*o**2 + 14*o - 23. Let m(w) = -12*w - 1. Let h be m(1). What is j(h)?
7
Let t(u) = u**3 + 11*u**2 - 14*u - 21. Let z be (9/3 - 27)*(-19)/(-38). What is t(z)?
3
Let f(h) = 8*h + 2. Let v(d) = d - 1. Let u(g) = -f(g) + v(g). Suppose -5*z - 3213 = -68*z. Suppose -18*w - z = -w. Calculate u(w).
18
Suppose 903 = -12*k + 975. Let d(v) be the first derivative of 1/3*v**3 - k*v + 1 + 2*v**2. Determine d(-5).
-1
Let g(w) = w**2 + 5*w - 11. Let q be g(-6). Let i(s) = 4*s - 2. Let p(z) be the first derivative of 2*z**2 - z - 4. Let c(o) = -4*i(o) + 5*p(o). What is c(q)?
-17
Let z(d) = d + 4. Suppose -4*l + 164 = 5*q, -12 = -4*q + 7*q. Suppose -2*i - 9 = -5*s - l, 5*s = -2*i + 27. Suppose k - 3*k + i = 0. Determine z(k).
12
Let b = -8 + 11. Let p(d) be the second derivative of 1/2*d**3 + 3/2*d**2 - 1/12*d**4 + 0 - 289*d. What is p(b)?
3
Let c(n) be the second derivative of n**5/20 - n**4/12 - n**3 - 2*n**2 - 816*n. Determine c(5).
66
Let l(p) be the first derivative of -p**6/360 - p**5/60 - p**4/6 + 3*p**3 + 5*p + 49. Let x(s) be the third derivative of l(s). Calculate x(-5).
-19
Let x(r) = -r**3 - 4*r**2 - 5*r + 4. Let k be x(5). Let o = 233 + k. Let n(l) = -l**3 - 14*l**2 - 13*l + 9. Calculate n(o).
9
Let n = -5 - -5. Let a(y) be the second derivative of -y**5/20 - y**4/12 + 25*y**2/2 + 23152*y. Determine a(n).
25
Let y(h) be the third derivative of 0*h + 1/24*h**4 - 1/6*h**3 + 10 + 3*h**2. Give y(-5).
-6
Let t(i) = -i**3 + 7*i**2 + 10*i - 10. Let n be 2/(-6) + 40/(-15). Let f be (0/2)/(138 - 139). Let z be (2 - -3) + (f - n). Give t(z).
6
Let l(s) be the third derivative of -59*s**2 - 1/12*s**4 + 0*s**5 - 3/40*s**6 + 1/6*s**3 + 0*s + 0. Determine l(1).
-10
Let k(q) = 773*q**3 + 44 - 2*q + 760*q**3 - 1534*q**3. What is k(0)?
44
Let k(g) = 2*g**2. Let y be k(-2). Let j(v) = 5*v**3 + 8*v**2 - 23*v + 6. Let u(l) = -4*l**3 - 8*l**2 + 19*l - 4. Let s(d) = 5*j(d) + 6*u(d). Determine s(y).
-2
Let t(q) = 48 - 20*q - 3*q**2 - 51*q - 2*q + 14 - 6*q. Calculate t(-27).
8
Let d(r) = -30*r - 18. Let c(a) = 7*a + 3. Let z(s) = 9*c(s) + 2*d(s). Determine z(10).
21
Let i(g) = -4*g - 2. Let u(k) = k**2 + 69*k + 31. Let x(d) = 15*i(d) + u(d). Calculate x(-8).
-7
Let i be (-50)/9 + (-408)/918. Let h(r) = r - 14. Calculate h(i).
-20
Let o be 1/(-3)*(-2 - -8). Let i = 2 - o. Let f(m) be the first derivative of -m**4/4 + 5*m**3/3 - 5*m**2/2 - 286. Calculate f(i).
-4
Let d = 1860 + -1870. Let y(r) = -r**3 - 10*r**2 - 4*r - 34. Give y(d).
6
Let v(h) = -4*h - 36 + 4*h + 9*h - 15*h**2 + 14 - 11*h**3 + 17. Let d(j) = 13*j**3 + 16*j**2 - 11*j + 6. Let o(m) = -5*d(m) - 6*v(m). What is o(-10)?
-10
Suppose 0 = -r - 4, -2*o + 3*r = o - 42. Let z(y) = 5*y + 4 - 28*y + 12*y + o*y. Give z(5).
-1
Let y(t) = -2 + 162*t**2 - 9*t - 329*t**2 + 168*t**2. Suppose 5*s = 25, -s - 23 = -5*w + w. What is y(w)?
-16
Let n(c) be the third derivative of -5/24*c**4 + 0 + 2/3*c**3 + 0*c + 1/60*c**5 + 62*c**2. Give n(5).
4
Suppose -1050 = -108*z + 3*z. Let b(a) = a**2 - 6*a + 2. Give b(z).
42
Let i(d) be the first derivative of 1/4*d**4 - 1/10*d**5 - 26 - 29*d + d**2 - 1/3*d**3. Let u(p) be the first derivative of i(p). Give u(2).
-6
Let v(f) = -7*f + 346. Let y(s) = -20*s + 988. Let r(k) = 17*v(k) - 6*y(k). What is r(51)?
5
Let t(r) = -r + 59. Let s(x) = -x**3 + 92*x**2 + 86*x + 668. Let a be s(93). Give t(a).
42
Let g(m) be the second derivative of m**4/12 + m**3 + 9*m**2/2 + m. Suppose 0 = 2*t + 18 - 54. Let a be (-27)/t*(3 - -1). Determine g(a).
9
Suppose -5*a = -3*a - 3*u + 226, 5*a = 5*u - 560. Let i = -105 - a. Let m(c) be the third derivative of c**5/60 - 5*c**4/24 + c**3/3 + c**2. Determine m(i).
2
Let w(n) = 30*n - 138*n - 7 + 38*n + 69*n. Give w(7).
-14
Suppose -17*z + 3 = -15*z + b, -2*b + 8 = 5*z. Let d(n) = -2*n**z - n - n + n**2 + 108*n**3 - 106*n**3. Determine d(2).
8
Let k(s) be the first derivative of -s**6/120 - s**5/10 + s**4/24 - s**3 - s**2 - 37*s - 69. Let b(v) be the second derivative of k(v). Give b(-6).
-12
Suppose -126*z + 3773 = 119. Let c(o) = o**2 - 29*o + 7. Give c(z).
7
Suppose 44*a - 71 + 234 + 277 = 0. Let i(v) = v**3 + 13*v**2 + 30*v. Give i(a).
0
Let i(t) = t**2 - 10*t - 24. Suppose -b + s = 4, 13*b = 11*b - 2*s. Let f be i(b). Let o(w) = -2*w**2 - w - 14. Determine o(f).
-14
Let l(q) = -5*q - 2014 + 3*q - 4*q + 2031. What is l(7)?
-25
Let i(n) be the first derivative of 2*n**3/3 - 37*n**2/2 - 20*n - 7049. Determine i(19).
-1
Let b be 3 + 482/((-8)/4). Let x = -244 - b. Let y(v) = v**3 + 7*v**2 + 5*v - 2. Give y(x).
4
Let d(w) = 4*w + 2. Let i = 5430 + -5421. Give d(i).
38
Let u(v) = 234 + 224 + 231 - 33*v - 714. Give u(-1).
8
Let i(q) = q**2 + 55*q - 1307. Let j be i(18). Let l(r) = 3*r**2 + 7*r - 1. Let b(o) = 2*o**2 + 7*o. Let k(z) = 4*b(z) - 3*l(z). What is k(j)?
3
Let a(d) = 22*d + 824. Let o be a(-37). Let l(b) = 1. Let s(p) = -2*p + 3. Let j(w) = -6*l(w) - s(w). What is j(o)?
11
Let w(s) = -s**3 - 5*s**2 - 5*s - 10. Let z be ((-12)/(-16) + 204/(-16))/(-2). Suppose z*g - 60 = 21*g. Calculate w(g).
-6
Let z(d) be the first derivative of 11*d**2/2 - 131*d + 5378. Calculate z(13).
12
Let i(f) = -f + 30 - 55 + 23 - 2*f - 2*f**2. Give i(-1).
-1
Let w(o) = -10*o**3 + 11*o**3 + 932*o + 1 - 6*o**2 - 938*o. Let p be (3 - 25/20)*(3 - -1). Determine w(p).
8
Let g(w) = -1 + w**2 - 2 - 6 + 2*w - 3*w. Let m be g(4). Let v be -3 - m*(-16)/12. Let h(t) = 2*t**2 - t. What is h(v)?
1
Let t(q) = -920*q - 1831. Let h be t(-2). Let v(w) be the third derivative of -w**4/24 + 13*w**3/6 + 5*w**2. Calculate v(h).
4
Let t(r) = -8*r + 52*r - 32*r - 9. What is t(1)?
3
Let a be (-16 + 11)*16/(-20). Let d(u) = 2*u**3 + 8*u